{"id":876,"date":"2023-04-03T17:39:30","date_gmt":"2023-04-03T17:39:30","guid":{"rendered":"https:\/\/gruporeviver.org.br\/?page_id=876"},"modified":"2025-06-03T14:14:35","modified_gmt":"2025-06-03T14:14:35","slug":"fale-conosco","status":"publish","type":"page","link":"https:\/\/gruporeviver.org.br\/index.php\/fale-conosco\/","title":{"rendered":"Fale Conosco"},"content":{"rendered":"<div id='map'  class='avia-section av-lgfjgvgm-e5cfef8d68a58ef9c3fe07049fc0ecca main_color avia-section-no-padding avia-no-border-styling  avia-builder-el-0  el_before_av_section  avia-builder-el-first  avia-bg-style-scroll av-minimum-height av-minimum-height-50  container_wrap fullsize'   data-av_minimum_height_pc='50'><div class='container av-section-cont-open' ><main  role=\"main\" itemprop=\"mainContentOfPage\"  class='template-page content  av-content-full alpha units'><div class='post-entry post-entry-type-page post-entry-876'><div class='entry-content-wrapper clearfix'>\n\n\n<\/div><\/div><\/main><!-- close content main element --><\/div><\/div><div id='av_section_2'  class='avia-section av-14symc-10afdfd70cdb3921c2301fc0939351b9 main_color avia-section-default avia-no-border-styling  avia-builder-el-2  el_after_av_section  avia-builder-el-last  avia-bg-style-scroll container_wrap fullsize'  ><div class='container av-section-cont-open' ><div class='template-page content  av-content-full alpha units'><div class='post-entry post-entry-type-page post-entry-876'><div class='entry-content-wrapper clearfix'>\n\n<style type=\"text\/css\" data-created_by=\"avia_inline_auto\" id=\"style-css-av-lgfjkkso-cb67e0a8c5dcb6fcabb25a278e34b6a4\">\n#top .av-special-heading.av-lgfjkkso-cb67e0a8c5dcb6fcabb25a278e34b6a4{\npadding-bottom:10px;\n}\nbody .av-special-heading.av-lgfjkkso-cb67e0a8c5dcb6fcabb25a278e34b6a4 .av-special-heading-tag .heading-char{\nfont-size:25px;\n}\n.av-special-heading.av-lgfjkkso-cb67e0a8c5dcb6fcabb25a278e34b6a4 .av-subheading{\nfont-size:15px;\n}\n<\/style>\n<div  class='av-special-heading av-lgfjkkso-cb67e0a8c5dcb6fcabb25a278e34b6a4 av-special-heading-h1 blockquote modern-quote modern-centered  avia-builder-el-3  el_before_av_one_fifth  avia-builder-el-first '><h1 class='av-special-heading-tag'  itemprop=\"headline\"  >Possui alguma d\u00favida, cr\u00edtica ou sugest\u00e3o?<br \/>\nFale conosco!<\/h1><div class=\"special-heading-border\"><div class=\"special-heading-inner-border\"><\/div><\/div><\/div>\n<div class='flex_column av-ytu0s-1c1b32c771a7b4416b6dabbf1fa4b805 av_one_fifth  avia-builder-el-4  el_after_av_heading  el_before_av_three_fifth  first flex_column_div '     ><\/div><div class='flex_column av-rlb5w-45cf7edc1e447fc4fb6f356d59fd3f7c av_three_fifth  avia-builder-el-5  el_after_av_one_fifth  el_before_av_one_fifth  flex_column_div '     ><section  class='av_textblock_section av-lgfjlthn-36c2e8a37ae1df2ebf6502d5f58ad8ff'  itemscope=\"itemscope\" itemtype=\"https:\/\/schema.org\/CreativeWork\" ><div class='avia_textblock'  itemprop=\"text\" ><p style=\"text-align: center;\"><span style=\"font-weight: 400;\">Fa\u00e7a-nos uma visita e divulgue o nosso trabalho.<\/span><\/p>\n<p style=\"text-align: center;\"><span style=\"font-weight: 400;\">O seu apoio \u00e9 muito importante para aumentar a nossa capacidade de reestruturar fam\u00edlias.<\/span><\/p>\n<p style=\"text-align: center;\"><span style=\"font-weight: 400;\">Entre em contato conosco:<\/span><\/p>\n<\/div><\/section><\/div><div class='flex_column av-mbmgk-26cbe3643fe36a02ba42838bc147a951 av_one_fifth  avia-builder-el-7  el_after_av_three_fifth  el_before_av_one_half  flex_column_div '     ><\/div><div class='flex_column av-hodmk-15fc6102470f31238e2c4cddbeb82c46 av_one_half  avia-builder-el-8  el_after_av_one_fifth  el_before_av_one_half  first flex_column_div column-top-margin'     ><p>\n<style type=\"text\/css\" data-created_by=\"avia_inline_auto\" id=\"style-css-av-lgfjmmfg-c9d3d7676652ccb34af3ca7b2bfa6b2b\">\n#top .av-special-heading.av-lgfjmmfg-c9d3d7676652ccb34af3ca7b2bfa6b2b{\npadding-bottom:10px;\n}\nbody .av-special-heading.av-lgfjmmfg-c9d3d7676652ccb34af3ca7b2bfa6b2b .av-special-heading-tag .heading-char{\nfont-size:25px;\n}\n.av-special-heading.av-lgfjmmfg-c9d3d7676652ccb34af3ca7b2bfa6b2b .av-subheading{\nfont-size:15px;\n}\n<\/style>\n<div  class='av-special-heading av-lgfjmmfg-c9d3d7676652ccb34af3ca7b2bfa6b2b av-special-heading-h3 blockquote modern-quote  avia-builder-el-9  el_before_av_textblock  avia-builder-el-first '><h3 class='av-special-heading-tag'  itemprop=\"headline\"  >Onde nos encontrar<\/h3><div class=\"special-heading-border\"><div class=\"special-heading-inner-border\"><\/div><\/div><\/div><br \/>\n<section  class='av_textblock_section av-lgfjpggo-286b3b55d7798c227b37395c47937bc2'  itemscope=\"itemscope\" itemtype=\"https:\/\/schema.org\/CreativeWork\" ><div class='avia_textblock'  itemprop=\"text\" ><p><strong>Endere\u00e7o<\/strong><\/p>\n<section class=\"av_textblock_section av-lex1pdnl-7a41efde64d2d770f1fd1f4a0255318c\">R. Sacadura Cabral, 193Sa\u00fade\/Rio de Janeiro<\/p>\n<p><span class=\"selectable-text copyable-text\">Cep: 20221-160<\/span><\/p>\n<\/section>\n<p>(021) 98734-2009<\/p>\n<p>\n<style type=\"text\/css\" data-created_by=\"avia_inline_auto\" id=\"style-css-av-k1axw-98a4d67667cf2de5fc5d9ab39d22ebc6\">\n.av_font_icon.av-k1axw-98a4d67667cf2de5fc5d9ab39d22ebc6{\ncolor:#70B147;\nborder-color:#70B147;\n}\n.av_font_icon.av-k1axw-98a4d67667cf2de5fc5d9ab39d22ebc6 .av-icon-char{\nfont-size:40px;\nline-height:40px;\n}\n<\/style>\n<span  class='av_font_icon av-k1axw-98a4d67667cf2de5fc5d9ab39d22ebc6 avia_animate_when_visible av-icon-style- avia-icon-pos-left avia-icon-animate'><a href='https:\/\/www.instagram.com\/apelbaumodontologia\/' target=\"_blank\" rel=\"noopener noreferrer\" class='av-icon-char' aria-hidden='true' data-av_icon='\ue909' data-av_iconfont='entypo-fontello'><\/a><\/span>\n<style type=\"text\/css\" data-created_by=\"avia_inline_auto\" id=\"style-css-av-gifbf-b237b1f5c05d77f9370caaed98e3be8c\">\n.av_font_icon.av-gifbf-b237b1f5c05d77f9370caaed98e3be8c{\ncolor:#70B147;\nborder-color:#70B147;\n}\n.av_font_icon.av-gifbf-b237b1f5c05d77f9370caaed98e3be8c .av-icon-char{\nfont-size:40px;\nline-height:40px;\n}\n<\/style>\n<span  class='av_font_icon av-gifbf-b237b1f5c05d77f9370caaed98e3be8c avia_animate_when_visible av-icon-style- avia-icon-pos-left avia-icon-animate'><a href='https:\/\/www.facebook.com\/ApelbaumOdontologia' target=\"_blank\" rel=\"noopener noreferrer\" class='av-icon-char' aria-hidden='true' data-av_icon='\ue8f5' data-av_iconfont='entypo-fontello'><\/a><\/span>\n<style type=\"text\/css\" data-created_by=\"avia_inline_auto\" id=\"style-css-av-7fvn0-31aaa420f72c480f6ccbba0dc14e891a\">\n.av_font_icon.av-7fvn0-31aaa420f72c480f6ccbba0dc14e891a{\ncolor:#70B147;\nborder-color:#70B147;\n}\n.av_font_icon.av-7fvn0-31aaa420f72c480f6ccbba0dc14e891a .av-icon-char{\nfont-size:40px;\nline-height:40px;\n}\n<\/style>\n<span  class='av_font_icon av-7fvn0-31aaa420f72c480f6ccbba0dc14e891a avia_animate_when_visible av-icon-style- avia-icon-pos-left avia-icon-animate'><a href='https:\/\/api.whatsapp.com\/send\/?phone=5521998692720&amp;text&amp;type=phone_number&amp;app_absent=0WjgW-2A' target=\"_blank\" rel=\"noopener noreferrer\" class='av-icon-char' aria-hidden='true' data-av_icon='\uf232' data-av_iconfont='entypo-fontello'><\/a><\/span><\/p>\n<\/div><\/section><\/p><\/div><div class='flex_column av-a79cs-8f8aa6e00cc1b5ba3d6a3c838f0075e9 av_one_half  avia-builder-el-14  el_after_av_one_half  avia-builder-el-last  flex_column_div column-top-margin'     ><form action=\"https:\/\/gruporeviver.org.br\/index.php\/fale-conosco\/\" method=\"post\"  class=\"avia_ajax_form av-form-labels-visible   avia-builder-el-15  avia-builder-el-no-sibling   \" data-avia-form-id=\"1\" data-avia-redirect='' ><fieldset><p class='  first_form  form_element form_element_third' id='element_avia_1_1'><label for=\"avia_1_1\">Nome <abbr class=\"required\" title=\"required\">*<\/abbr><\/label> <input name=\"avia_1_1\" class=\"text_input is_empty\" type=\"text\" id=\"avia_1_1\" value=\"\" \/><\/p><p class='  form_element form_element_third' id='element_avia_2_1'><label for=\"avia_2_1\">E-Mail <abbr class=\"required\" title=\"required\">*<\/abbr><\/label> <input name=\"avia_2_1\" class=\"text_input is_email\" type=\"text\" id=\"avia_2_1\" value=\"\" \/><\/p><p class='  form_element form_element_third' id='element_avia_3_1'><label for=\"avia_3_1\">Assunto <abbr class=\"required\" title=\"required\">*<\/abbr><\/label> <input name=\"avia_3_1\" class=\"text_input is_empty\" type=\"text\" id=\"avia_3_1\" value=\"\" \/><\/p><p class='  first_form  form_element form_fullwidth av-last-visible-form-element' id='element_avia_4_1'><label for=\"avia_4_1\" class=\"textare_label hidden textare_label_avia_4_1\">Mensagem <abbr class=\"required\" title=\"required\">*<\/abbr><\/label><textarea  name=\"avia_4_1\" class=\"text_area is_empty\" cols=\"40\" rows=\"7\" id=\"avia_4_1\" ><\/textarea><\/p><p class=\"hidden\"><input type=\"text\" name=\"avia_5_1\" class=\"hidden \" id=\"avia_5_1\" value=\"\" \/><\/p><p class=\"form_element \"><input type=\"hidden\" value=\"1\" name=\"avia_generated_form1\" \/><input type=\"submit\" value=\"Enviar\" class=\"button\"  data-sending-label=\"Sending\"\/><\/p><\/fieldset><\/form><div id=\"ajaxresponse_1\" class=\"ajaxresponse ajaxresponse_1 hidden\"><\/div><\/div>\n","protected":false},"excerpt":{"rendered":"","protected":false},"author":1,"featured_media":0,"parent":0,"menu_order":0,"comment_status":"closed","ping_status":"closed","template":"","meta":{"footnotes":""},"class_list":["post-876","page","type-page","status-publish","hentry"],"_links":{"self":[{"href":"https:\/\/gruporeviver.org.br\/index.php\/wp-json\/wp\/v2\/pages\/876","targetHints":{"allow":["GET"]}}],"collection":[{"href":"https:\/\/gruporeviver.org.br\/index.php\/wp-json\/wp\/v2\/pages"}],"about":[{"href":"https:\/\/gruporeviver.org.br\/index.php\/wp-json\/wp\/v2\/types\/page"}],"author":[{"embeddable":true,"href":"https:\/\/gruporeviver.org.br\/index.php\/wp-json\/wp\/v2\/users\/1"}],"replies":[{"embeddable":true,"href":"https:\/\/gruporeviver.org.br\/index.php\/wp-json\/wp\/v2\/comments?post=876"}],"version-history":[{"count":9,"href":"https:\/\/gruporeviver.org.br\/index.php\/wp-json\/wp\/v2\/pages\/876\/revisions"}],"predecessor-version":[{"id":1264,"href":"https:\/\/gruporeviver.org.br\/index.php\/wp-json\/wp\/v2\/pages\/876\/revisions\/1264"}],"wp:attachment":[{"href":"https:\/\/gruporeviver.org.br\/index.php\/wp-json\/wp\/v2\/media?parent=876"}],"curies":[{"name":"wp","href":"https:\/\/api.w.org\/{rel}","templated":true}]}}